{"id":9049,"date":"2021-08-17T15:05:08","date_gmt":"2021-08-17T12:05:08","guid":{"rendered":"https:\/\/www.atlihukuk.com\/?page_id=9049"},"modified":"2021-08-17T15:09:20","modified_gmt":"2021-08-17T12:09:20","slug":"e-tahsilat","status":"publish","type":"page","link":"https:\/\/www.atlihukuk.com\/index.php\/e-tahsilat\/","title":{"rendered":"E-TAHS\u0130LAT"},"content":{"rendered":"\t\t<div data-elementor-type=\"wp-page\" data-elementor-id=\"9049\" class=\"elementor elementor-9049\">\n\t\t\t\t\t\t\t        <section class=\"elementor-section elementor-top-section elementor-element elementor-element-64fd72b8 elementor-section-boxed elementor-section-height-default elementor-section-height-default\" data-id=\"64fd72b8\" data-element_type=\"section\">\n            \n                        <div class=\"elementor-container elementor-column-gap-default \">\n                    <div class=\"elementor-column elementor-col-100 elementor-top-column elementor-element elementor-element-305603d7\" data-id=\"305603d7\" data-element_type=\"column\">\n            <div class=\"elementor-widget-wrap elementor-element-populated\">\n                        \t\t<div class=\"elementor-element elementor-element-83ac794 elementor-widget elementor-widget-ct_text_editor\" data-id=\"83ac794\" data-element_type=\"widget\" data-widget_type=\"ct_text_editor.default\">\n\t\t\t\t<div class=\"elementor-widget-container\">\n\t\t\t<div id=\"ct_text_editor-83ac794\" class=\"ct-text-editor \" data-wow-delay=\"ms\">\n\t<div class=\"ct-inline-css\"  data-css=\"\n        \t\t\">\n\n    <\/div>\n\t<div class=\"ct-text-editor elementor-clearfix\">\n\t\t<p>\u0130cra dosya borcu, avukatl\u0131k \u00fccreti, masraflar vb. \u00f6demelerinizi kredi kart\u0131n\u0131zla ve taksitle yapabilirsiniz. \u00d6deme yapmak i\u00e7in a\u015fa\u011f\u0131daki ba\u011flant\u0131ya t\u0131klaman\u0131z yeterlidir.<\/p>\t\t\n\t<\/div>\n<\/div>\t\t<\/div>\n\t\t\t\t<\/div>\n\t\t            <\/div>\n        <\/div>\n                            <\/div>\n        <\/section>\n                <section class=\"elementor-section elementor-top-section elementor-element elementor-element-85ae968 elementor-section-boxed elementor-section-height-default elementor-section-height-default\" data-id=\"85ae968\" data-element_type=\"section\">\n            \n                        <div class=\"elementor-container elementor-column-gap-default \">\n                    <div class=\"elementor-column elementor-col-33 elementor-top-column elementor-element elementor-element-839249e\" data-id=\"839249e\" data-element_type=\"column\">\n            <div class=\"elementor-widget-wrap\">\n                                    <\/div>\n        <\/div>\n                <div class=\"elementor-column elementor-col-33 elementor-top-column elementor-element elementor-element-e3e6bfc\" data-id=\"e3e6bfc\" data-element_type=\"column\">\n            <div class=\"elementor-widget-wrap elementor-element-populated\">\n                        \t\t<div class=\"elementor-element elementor-element-4044d44 wow fadeInUp elementor-widget elementor-widget-text-editor\" data-id=\"4044d44\" data-element_type=\"widget\" data-widget_type=\"text-editor.default\">\n\t\t\t\t<div class=\"elementor-widget-container\">\n\t\t\t<style>\/*! elementor - v3.15.0 - 20-08-2023 *\/\n.elementor-widget-text-editor.elementor-drop-cap-view-stacked .elementor-drop-cap{background-color:#69727d;color:#fff}.elementor-widget-text-editor.elementor-drop-cap-view-framed .elementor-drop-cap{color:#69727d;border:3px solid;background-color:transparent}.elementor-widget-text-editor:not(.elementor-drop-cap-view-default) .elementor-drop-cap{margin-top:8px}.elementor-widget-text-editor:not(.elementor-drop-cap-view-default) .elementor-drop-cap-letter{width:1em;height:1em}.elementor-widget-text-editor .elementor-drop-cap{float:left;text-align:center;line-height:1;font-size:50px}.elementor-widget-text-editor .elementor-drop-cap-letter{display:inline-block}<\/style>\t\t\t\t<a style=\"display: block; width: 281px; height: 150px; text-decoration: none; color: #444; background: url('https:\/\/pos.param.com.tr\/Tahsilat\/images\/etahsilat.png') no-repeat; padding: 12px 10px 30px 105px; font: bold 13px Tahoma;\" href=\"https:\/\/pos.param.com.tr\/Tahsilat\/Default.aspx?k=821cf160-5961-4faf-b047-ffc21b6ca4bf\" target=\"_blank\" rel=\"noopener\">ATLI HUKUK\n\u00d6DEME YAPMAK \u0130\u00c7\u0130N TIKLAYINIZ<\/a>\t\t\t\t\t\t<\/div>\n\t\t\t\t<\/div>\n\t\t            <\/div>\n        <\/div>\n                <div class=\"elementor-column elementor-col-33 elementor-top-column elementor-element elementor-element-6310438\" data-id=\"6310438\" data-element_type=\"column\">\n            <div class=\"elementor-widget-wrap\">\n                                    <\/div>\n        <\/div>\n                            <\/div>\n        <\/section>\n                <section class=\"elementor-section elementor-top-section elementor-element elementor-element-9c006cf elementor-section-boxed elementor-section-height-default elementor-section-height-default\" data-id=\"9c006cf\" data-element_type=\"section\">\n            \n                        <div class=\"elementor-container elementor-column-gap-default \">\n                    <div class=\"elementor-column elementor-col-100 elementor-top-column elementor-element elementor-element-7ec0dcc\" data-id=\"7ec0dcc\" data-element_type=\"column\">\n            <div class=\"elementor-widget-wrap elementor-element-populated\">\n                        \t\t<div class=\"elementor-element elementor-element-64c06b0 elementor-widget elementor-widget-ct_text_editor\" data-id=\"64c06b0\" data-element_type=\"widget\" data-widget_type=\"ct_text_editor.default\">\n\t\t\t\t<div class=\"elementor-widget-container\">\n\t\t\t<div id=\"ct_text_editor-64c06b0\" class=\"ct-text-editor \" data-wow-delay=\"ms\">\n\t<div class=\"ct-inline-css\"  data-css=\"\n        \t\t\">\n\n    <\/div>\n\t<div class=\"ct-text-editor elementor-clearfix\">\n\t\t<p style=\"text-align: justify\"><strong>Bilgilendirme<\/strong><\/p><p style=\"text-align: justify\">\u00d6demelere ili\u015fkin b\u00fct\u00fcn s\u00fcre\u00e7 T\u00fcrk Elektronik Para A.\u015e. Sitemi \u00fczerinden y\u00fcr\u00fct\u00fclmekte, dolay\u0131s\u0131yla se\u00e7ilecek olan kart ve taksite g\u00f6re komisyon al\u0131nmaktad\u0131r. E-Tahsilat butonuna t\u0131klayarak taksit se\u00e7eneklerini g\u00f6rebilirsiniz.<\/p><p style=\"text-align: justify\">Sistem T\u00fcrk Elektronik Para A.\u015e. altyap\u0131s\u0131n\u0131 kullanmakta olup, kredi kart\u0131 bilgileriniz dahil hi\u00e7bir bilginiz bizimle payla\u015f\u0131lmamakta, sisteme kaydedilmemektedir.<br \/>\u00d6deme yapt\u0131ktan sonra mutlaka ofisimiz ile ileti\u015fime ge\u00e7erek \u00f6demenize ili\u015fkin bilgi veriniz.<\/p>\t\t\n\t<\/div>\n<\/div>\t\t<\/div>\n\t\t\t\t<\/div>\n\t\t            <\/div>\n        <\/div>\n                            <\/div>\n        <\/section>\n        \t\t\t\t\t<\/div>\n\t\t","protected":false},"excerpt":{"rendered":"<p>\u0130cra dosya borcu, avukatl\u0131k \u00fccreti, masraflar vb. \u00f6demelerinizi kredi kart\u0131n\u0131zla ve taksitle yapabilirsiniz. \u00d6deme yapmak i\u00e7in a\u015fa\u011f\u0131daki ba\u011flant\u0131ya t\u0131klaman\u0131z yeterlidir. ATLI HUKUK \u00d6DEME YAPMAK \u0130\u00c7\u0130N TIKLAYINIZ Bilgilendirme \u00d6demelere ili\u015fkin b\u00fct\u00fcn s\u00fcre\u00e7 T\u00fcrk Elektronik Para A.\u015e. Sitemi \u00fczerinden y\u00fcr\u00fct\u00fclmekte, dolay\u0131s\u0131yla se\u00e7ilecek olan kart ve taksite g\u00f6re komisyon al\u0131nmaktad\u0131r. E-Tahsilat butonuna t\u0131klayarak taksit se\u00e7eneklerini g\u00f6rebilirsiniz. Sistem T\u00fcrk [&hellip;]<\/p>\n","protected":false},"author":1,"featured_media":0,"parent":0,"menu_order":0,"comment_status":"closed","ping_status":"closed","template":"","meta":{"footnotes":""},"class_list":["post-9049","page","type-page","status-publish","hentry"],"_links":{"self":[{"href":"https:\/\/www.atlihukuk.com\/index.php\/wp-json\/wp\/v2\/pages\/9049","targetHints":{"allow":["GET"]}}],"collection":[{"href":"https:\/\/www.atlihukuk.com\/index.php\/wp-json\/wp\/v2\/pages"}],"about":[{"href":"https:\/\/www.atlihukuk.com\/index.php\/wp-json\/wp\/v2\/types\/page"}],"author":[{"embeddable":true,"href":"https:\/\/www.atlihukuk.com\/index.php\/wp-json\/wp\/v2\/users\/1"}],"replies":[{"embeddable":true,"href":"https:\/\/www.atlihukuk.com\/index.php\/wp-json\/wp\/v2\/comments?post=9049"}],"version-history":[{"count":13,"href":"https:\/\/www.atlihukuk.com\/index.php\/wp-json\/wp\/v2\/pages\/9049\/revisions"}],"predecessor-version":[{"id":9063,"href":"https:\/\/www.atlihukuk.com\/index.php\/wp-json\/wp\/v2\/pages\/9049\/revisions\/9063"}],"wp:attachment":[{"href":"https:\/\/www.atlihukuk.com\/index.php\/wp-json\/wp\/v2\/media?parent=9049"}],"curies":[{"name":"wp","href":"https:\/\/api.w.org\/{rel}","templated":true}]}}